 35*p**2 - 38*p - 6. Give h(-16).
-166
Let y(k) = -4*k**3 + 90*k**2 - 39*k - 86. What is y(22)?
24
Let h(l) = -l**3 + l**2 + 33*l - 95. What is h(3)?
-14
Let v(g) = 6*g**2 + 45*g - 33. Give v(-12).
291
Let r(g) = 2*g**2 + 39*g - 11. Determine r(-16).
-123
Let f(c) = 3313*c - 29826. Calculate f(9).
-9
Let u(n) = 3*n**3 + 21*n**2 + 50*n + 12. Give u(-3).
-30
Let f(r) = r**2 - 16*r - 51. Determine f(18).
-15
Let w(t) = -2*t**3 - 3*t**2 - 7*t - 11. Calculate w(-3).
37
Let h(s) = s**2 + 278*s + 10498. What is h(-233)?
13
Let l(g) = -8*g**2 + 152*g + 32. Give l(18).
176
Let w(a) = -9*a**2 - 281*a + 208. Calculate w(-32).
-16
Let z(k) = -3*k**2 + 207*k + 5998. Calculate z(91).
-8
Let p(d) = 31*d - 2017. Calculate p(65).
-2
Let m(s) = -s**3 + 56*s**2 + 58*s - 122. Determine m(57).
-65
Let c(y) = -23*y + 50. Determine c(-3).
119
Let y(x) = 2*x**2 + 82*x + 368. What is y(-5)?
8
Let a(m) = -42*m + 519. Give a(10).
99
Let v(c) = 149*c + 887. Calculate v(-6).
-7
Let a(h) = -h**2 - 6*h + 5. Give a(-6).
5
Let y(r) = r**3 + 119*r**2 + 188*r - 5383. Give y(-117).
-1
Let i(z) = 53*z**2 - 2333*z + 42. Give i(44).
-2
Let s(d) = -2*d**3 - 17*d**2 - 25*d - 74. What is s(-7)?
-46
Let g(m) = 15*m**2 - 35*m - 5. What is g(5)?
195
Let n(p) = p**2 + 43*p - 67. Calculate n(-49).
227
Let v(i) = 8*i - 162. What is v(15)?
-42
Let k(o) = o**3 - 7*o**2 - 24*o + 23. Give k(8).
-105
Let r(a) = 8*a - 806. Give r(103).
18
Let y(r) = 2*r**2 + 485*r + 7260. Calculate y(-16).
12
Let z(i) = i**2 - 15*i - 32. Determine z(15).
-32
Let w(t) = -526*t - 1600. Determine w(-3).
-22
Let o(s) = s**3 - 25*s**2 - 1106*s + 95. Give o(48).
-1
Let p(u) = u**3 - 39*u**2 - 80*u + 136. Calculate p(41).
218
Let m(p) = p**2 + 23*p - 53. What is m(-16)?
-165
Let g(p) = -p**3 - 15*p**2 + 180*p + 44. Calculate g(-22).
-528
Let d(h) = 10*h + 43. Calculate d(-20).
-157
Let k(n) = -7*n**2 - 74*n + 226. Give k(3).
-59
Let v(b) = 1046*b + 18825. Determine v(-18).
-3
Let n(p) = -48*p - 949. Determine n(-20).
11
Let t(y) = -12*y - 1329. Calculate t(-84).
-321
Let q(l) = l**3 + 2*l**2 + 69*l - 369. Give q(4).
3
Let p(x) = -15*x + 90. Determine p(4).
30
Let p(t) = 13*t**2 + 2*t - 15. Give p(-4).
185
Let v(q) = -q**2 + 84*q + 387. Give v(88).
35
Let v(j) = -194*j + 1364. Determine v(7).
6
Let t(a) = 18*a**2 - 5*a - 20. Determine t(-4).
288
Let v(i) = 2*i**2 - 12*i - 290. Give v(-9).
-20
Let d(h) = 21*h**2 + 103*h - 17. What is d(-5)?
-7
Let q(v) = 2*v**3 - 37*v**2 + 15*v - 15. Give q(18).
-69
Let o(p) = 3*p**2 - 50*p - 57. Give o(18).
15
Let o(l) = l**3 + 142*l**2 - 232*l - 12734. Give o(-143).
-7
Let m(z) = z**2 + 8*z + 20. Calculate m(-3).
5
Let t(q) = 2*q**3 + 3*q**2 - q - 19. Determine t(3).
59
Let b(x) = x**3 - 13*x**2 - 9*x - 55. What is b(14)?
15
Let i(j) = 123*j + 1232. Give i(-10).
2
Let c(m) = -155*m + 17845. What is c(116)?
-135
Let r(f) = 3*f**2 + 41*f - 308. What is r(6)?
46
Let v(j) = 111*j + 1019. Determine v(-9).
20
Let b(u) = -u**2 + 74*u + 158. Calculate b(76).
6
Let y(o) = o**3 - 73*o**2 + 407*o - 36. Determine y(6).
-6
Let m(l) = 6*l + 90. What is m(20)?
210
Let f(j) = 4145*j + 16587. What is f(-4)?
7
Let a(x) = -x**2 - x - 111. Give a(0).
-111
Let r(t) = -t**3 + 42*t**2 + 44*t - 40. What is r(43)?
3
Let a(l) = 37*l**3 - 3217*l**2 - 177*l + 298. Calculate a(87).
37
Let y(t) = -6025*t + 24094. Calculate y(4).
-6
Let l(j) = -7*j - 99. Determine l(-20).
41
Let m(x) = 12*x**3 + x**2 + 25*x + 43. What is m(-2)?
-99
Let q(d) = -97*d + 11003. What is q(113)?
42
Let b(m) = m**2 + 410*m + 2028. Determine b(-5).
3
Let l(b) = -4*b**3 - 41*b**2 + 198*b - 4. Give l(-14).
164
Let p(y) = -57*y - 588. Determine p(-8).
-132
Let y(c) = 7*c**2 - 108*c - 541. What is y(-4)?
3
Let l(v) = -38*v + 2977. What is l(80)?
-63
Let x(h) = 95*h + 213. What is x(-3)?
-72
Let z(v) = v**3 - 9*v**2 - 47*v - 9. Determine z(13).
56
Let s(o) = -186*o + 1479. What is s(8)?
-9
Let w(f) = -f**3 - 10*f**2 + 120*f + 1209. What is w(-10)?
9
Let o(k) = k**3 + 30*k**2 + 24*k - 150. Determine o(-29).
-5
Let v(m) = -34*m + 547. Calculate v(15).
37
Let z(u) = -8*u**2 + 22*u + 1262. Calculate z(14).
2
Let y(o) = o**2 + 89*o + 1983. Determine y(-43).
5
Let u(l) = 2*l**3 - 2*l**2 + 4*l + 28. What is u(0)?
28
Let q(t) = -2*t**3 + 18*t**2 + 9*t + 159. What is q(10)?
49
Let v(m) = 120*m + 2966. Give v(-25).
-34
Let z(p) = -p**2 + 642*p - 37531. What is z(65)?
-26
Let q(n) = n**3 + 60*n**2 + 55*n - 518. Give q(-59).
-282
Let t(n) = -7*n**3 + 36*n**2 - 9*n + 13. What is t(5)?
-7
Let m(j) = 9*j**2 - 25*j + 112. Calculate m(-11).
1476
Let c(s) = -115*s - 696. Calculate c(-6).
-6
Let u(m) = 6*m - 18. Determine u(2).
-6
Let x(f) = f**3 + 22*f**2 - 24*f - 15. What is x(-5)?
530
Let q(a) = a**3 - 11*a**2 + 6*a + 23. What is q(11)?
89
Let v(s) = 70*s + 5027. Give v(-72).
-13
Let a(y) = 5*y**2 - 85*y - 479. Calculate a(-6).
211
Let c(s) = 3*s**3 + 4*s**2 + 7*s - 38. What is c(5)?
472
Let f(j) = -j + 146. Determine f(8).
138
Let y(z) = 42*z - 27. Calculate y(-1).
-69
Let z(v) = -7*v**2 + 88*v + 26. Calculate z(11).
147
Let t(s) = s**3 + 14*s**2 + 5*s - 14. Calculate t(-13).
90
Let d(f) = 2*f**3 + 10*f**2 - f - 26. Determine d(-7).
-215
Let f(q) = -2*q**3 + 13*q**2 - 688*q + 3380. Give f(5).
15
Let y(m) = 50*m**2 + 4*m. Give y(1).
54
Let j(a) = a**3 + 23*a**2 + 3*a + 682. Calculate j(-24).
34
Let k(n) = -n**2 - 16*n + 653. What is k(19)?
-12
Let p(q) = -q**3 - 130*q**2 + 434*q - 95. Determine p(3).
10
Let z(f) = -2*f**3 + 4*f**2 + 27*f - 3. What is z(7)?
-304
Let g(v) = -18*v**2 + 1084*v - 222. Give g(60).
18
Let s(v) = -4*v**3 - 13*v**2 + 21*v + 82. Determine s(-5).
152
Let p(t) = -63*t - 6947. What is p(-110)?
-17
Let t(j) = 582*j - 13999. Give t(24).
-31
Let h(o) = -o + 231. Give h(5).
226
Let h(c) = 14*c + 61. What is h(7)?
159
Let h(u) = 5*u**3 - 5*u - 4. Determine h(-4).
-304
Let w(o) = -o**2 + 25*o - 40. Calculate w(24).
-16
Let a(k) = 19*k - 70. Give a(10).
120
Let p(y) = 2*y**3 - 101*y**2 - 56*y + 255. Determine p(51).
0
Let j(d) = -d**2 - 139*d - 678. Determine j(-5).
-8
Let k(t) = t**3 + 8*t**2 - 27*t + 50. What is k(-11)?
-16
Let h(u) = -u**3 + 185*u**2 - 744*u + 3626. What is h(181)?
6
Let r(d) = -8*d + 158. Determine r(11).
70
Let g(p) = p**2 + 11*p - 31. Calculate g(-19).
121
Let h(l) = -l**3 - 47*l**2 + 40*l - 21. Calculate h(-48).
363
Let f(c) = -7*c**2 + 329*c - 3. Give f(47).
-3
Let t(g) = 286*g + 1415. Give t(-6).
-301
Let l(m) = 78*m + 1619. What is l(-27)?
-487
Let h(m) = 2*m + 5. Determine h(-6).
-7
Let w(z) = z**2 - 87*z - 1538. Calculate w(-15).
-8
Let b(k) = -2*k**2 + 68*k - 324. Calculate b(6).
12
Let u(l) = 2*l**3 - 24*l**2 + 63*l + 49. Calculate u(7).
0
Let h(z) = -31*z + 1618. Determine h(44).
254
Let m(h) = h**2 + 24*h + 50. Give m(-24).
50
Let b(d) = -d**3 - 12*d**2 - 26*d + 12. What is b(-9)?
3
Let l(c) = -4*c**2 - 15*c + 96. What is l(-7)?
5
Let o(i) = 2*i - 737. Determine o(-20).
-777
Let c(r) = 4*r**2 + 3*r + 2. What is c(4)?
78
Let j(o) = 11*o**2 - 706*o - 2111. Give j(67).
-34
Let j(g) = -2*g**2 - 12*g - 52. Calculate j(-11).
-162
Let w(u) = 4*u**2 - 294*u + 579. What is w(2)?
7
Let x(c) = -2*c + 10. Determine x(2).
6
Let g(q) = -3*q**3 - 74*q**2 + 103*q - 29. Give g(-26).
-3
Let h(t) = 3*t**2 - 8*t - 86. Give h(-10).
294
Let s(o) = 22*o + 35. What is s(-2)?
-9
Let n(y) = 7223*y + 57799. Give n(-8).
15
Let v(n) = -n**2 + 81*n - 302. Determine v(4).
6
Let w(i) = -4*i**2 - 1. Calculate w(-8).
-257
Let k(s) = -s**2 + 5100*s - 106654. Give k(21).
5
Let a(k) = 3*k**3 + 14*k**2 + 139*k + 714. Give a(-5).
-6
Let r(h) = -2*h**3 - 49*h**2 - 208*h + 16. Calculate r(-19).
-3
Let l(t) = -218*t**2 + 2383*t + 26. Determine l(11).
-139
Let x(a) = 5*a**3 - 2*a**2 - 4*a + 5. Calculate x(1).
4
Let p(k) = 116*k + 789. Determine p(-7).
-23
Let t(r) = r**2 + 89*r + 517. Calculate t(-6).
19
Let y(a) = 3*a**3 + 295*a**2 - 199*a - 43. What is y(-99)?
56
Let o(c) = 9*c**2 + 28*c - 245. Give o(-7).
0
Let y(x) = -x**2 - 8*x + 237. Calculate y(22).
-423
Let j(b) = -9*b**3 + 6*b**2 + 8*b - 5. Give j(-3).
268
Let h(l) = -4113*l - 12347. Calculate h(-3).
-8
Let d(q) = 2*q**2 + 34*q + 128. Determine d(-8).
-16
Let n(u) = -3*u**3 - 60*u**2 - 11*u - 128. Determine n(-20).
92
Let l(f) = -56*f**2 + 5658*f - 224. Give l(101).
-22
Let o(a) = -2*a**3 - 8*a